{"version":"1.0","provider_name":"Rally Turkey | WRC","provider_url":"https:\/\/www.rallyturkey.com\/tr","author_name":"rot","author_url":"https:\/\/www.rallyturkey.com\/tr\/author\/rot\/","title":"Mikkelsen \u015eili Shakedown Lideri - Rally Turkey | WRC","type":"rich","width":600,"height":338,"html":"<blockquote class=\"wp-embedded-content\"><a href=\"https:\/\/www.rallyturkey.com\/tr\/haber\/mikkelsen-tops-chile-warm-up\/\">Mikkelsen \u015eili Shakedown Lideri<\/a><\/blockquote>\n<script type='text\/javascript'>\n<!--\/\/--><![CDATA[\/\/><!--\n\t\t\/*! This file is auto-generated *\/\n\t\t!function(d,l){\"use strict\";var e=!1,n=!1;if(l.querySelector)if(d.addEventListener)e=!0;if(d.wp=d.wp||{},!d.wp.receiveEmbedMessage)if(d.wp.receiveEmbedMessage=function(e){var t=e.data;if(t)if(t.secret||t.message||t.value)if(!\/[^a-zA-Z0-9]\/.test(t.secret)){for(var r,i,a,s=l.querySelectorAll('iframe[data-secret=\"'+t.secret+'\"]'),n=l.querySelectorAll('blockquote[data-secret=\"'+t.secret+'\"]'),o=new RegExp(\"^https?:$\",\"i\"),c=0;c<n.length;c++)n[c].style.display=\"none\";for(c=0;c<s.length;c++)if(r=s[c],e.source===r.contentWindow){if(r.removeAttribute(\"style\"),\"height\"===t.message){if(1e3<(a=parseInt(t.value,10)))a=1e3;else if(~~a<200)a=200;r.height=a}if(\"link\"===t.message)if(i=l.createElement(\"a\"),a=l.createElement(\"a\"),i.href=r.getAttribute(\"src\"),a.href=t.value,o.test(a.protocol))if(a.host===i.host)if(l.activeElement===r)d.top.location.href=t.value}}},e)d.addEventListener(\"message\",d.wp.receiveEmbedMessage,!1),l.addEventListener(\"DOMContentLoaded\",t,!1),d.addEventListener(\"load\",t,!1);function t(){if(!n){n=!0;for(var e,t,r=-1!==navigator.appVersion.indexOf(\"MSIE 10\"),i=!!navigator.userAgent.match(\/Trident.*rv:11\\.\/),a=l.querySelectorAll(\"iframe.wp-embedded-content\"),s=0;s<a.length;s++){if(!(e=a[s]).getAttribute(\"data-secret\"))t=Math.random().toString(36).substr(2,10),e.src+=\"#?secret=\"+t,e.setAttribute(\"data-secret\",t);if(r||i)(t=e.cloneNode(!0)).removeAttribute(\"security\"),e.parentNode.replaceChild(t,e)}}}}(window,document);\n\/\/--><!]]>\n<\/script><iframe sandbox=\"allow-scripts\" security=\"restricted\" src=\"https:\/\/www.rallyturkey.com\/tr\/haber\/mikkelsen-tops-chile-warm-up\/embed\/\" width=\"600\" height=\"338\" title=\"&#8220;Mikkelsen \u015eili Shakedown Lideri&#8221; &#8212; Rally Turkey | WRC\" frameborder=\"0\" marginwidth=\"0\" marginheight=\"0\" scrolling=\"no\" class=\"wp-embedded-content\"><\/iframe>","thumbnail_url":"https:\/\/www.rallyturkey.com\/wp-content\/uploads\/2019\/05\/16103_AndreasMikkelsen-Chile-2019_001_896x504.jpg","thumbnail_width":896,"thumbnail_height":504,"description":"D\u00fcnya Ralli \u015eampiyonas\u0131&#8217;n\u0131n 2019\u2019daki alt\u0131nc\u0131 yar\u0131\u015f\u0131 olan \u015eili Rallisi, 10-12 May\u0131s&#8217;ta ger\u00e7ekle\u015ftirilecek. Red Bull&#8217;dan yap\u0131lan a\u00e7\u0131klamaya g\u00f6re, birbirinden h\u0131zl\u0131 pilotlar, \u00fc\u00e7 g\u00fcnde 17 etab\u0131 ge\u00e7ip 325.7\u2019si \u00f6zel etap olmak \u00fczere toplamda 1199.24 kilometre kat edecek. \u015eili\u2019de bir WRC efsanesi ve Red Bull sporcusu Sebastien Loeb de m\u00fccadele edecek. Bu sene takvime dahil edilen \u015eili Rallisi\u2019nin [&hellip;]"}

Mikkelsen Şili Shakedown Lideri - Rally Turkey | WRC

<blockquote class="wp-embedded-content"><a href="https://www.rallyturkey.com/tr/haber/mikkelsen-tops-chile-warm-up/">Mikkelsen Şili Shakedown Lideri</a></blockquote>
<script type='text/javascript'>
<!--//--><![CDATA[//><!--
		/*! This file is auto-generated */
		!function(d,l){"use strict";var e=!1,n=!1;if(l.querySelector)if(d.addEventListener)e=!0;if(d.wp=d.wp||{},!d.wp.receiveEmbedMessage)if(d.wp.receiveEmbedMessage=function(e){var t=e.data;if(t)if(t.secret||t.message||t.value)if(!/[^a-zA-Z0-9]/.test(t.secret)){for(var r,i,a,s=l.querySelectorAll('iframe[data-secret="'+t.secret+'"]'),n=l.querySelectorAll('blockquote[data-secret="'+t.secret+'"]'),o=new RegExp("^https?:$","i"),c=0;c<n.length;c++)n[c].style.display="none";for(c=0;c<s.length;c++)if(r=s[c],e.source===r.contentWindow){if(r.removeAttribute("style"),"height"===t.message){if(1e3<(a=parseInt(t.value,10)))a=1e3;else if(~~a<200)a=200;r.height=a}if("link"===t.message)if(i=l.createElement("a"),a=l.createElement("a"),i.href=r.getAttribute("src"),a.href=t.value,o.test(a.protocol))if(a.host===i.host)if(l.activeElement===r)d.top.location.href=t.value}}},e)d.addEventListener("message",d.wp.receiveEmbedMessage,!1),l.addEventListener("DOMContentLoaded",t,!1),d.addEventListener("load",t,!1);function t(){if(!n){n=!0;for(var e,t,r=-1!==navigator.appVersion.indexOf("MSIE 10"),i=!!navigator.userAgent.match(/Trident.*rv:11\./),a=l.querySelectorAll("iframe.wp-embedded-content"),s=0;s<a.length;s++){if(!(e=a[s]).getAttribute("data-secret"))t=Math.random().toString(36).substr(2,10),e.src+="#?secret="+t,e.setAttribute("data-secret",t);if(r||i)(t=e.cloneNode(!0)).removeAttribute("security"),e.parentNode.replaceChild(t,e)}}}}(window,document);
//--><!]]>
</script><iframe sandbox="allow-scripts" security="restricted" src="https://www.rallyturkey.com/tr/haber/mikkelsen-tops-chile-warm-up/embed/" width="600" height="338" title="&#8220;Mikkelsen Şili Shakedown Lideri&#8221; &#8212; Rally Turkey | WRC" frameborder="0" marginwidth="0" marginheight="0" scrolling="no" class="wp-embedded-content"></iframe>

Dünya Ralli Şampiyonası&#8217;nın 2019’daki altıncı yarışı olan Şili Rallisi, 10-12 Mayıs&#8217;ta gerçekleştirilecek. Red Bull&#8217;dan yapılan açıklamaya göre, birbirinden hızlı pilotlar, üç günde 17 etabı geçip 325.7’si özel etap olmak üzere toplamda 1199.24 kilometre kat edecek. Şili’de bir WRC efsanesi ve Red Bull sporcusu Sebastien Loeb de mücadele edecek. Bu sene takvime dahil edilen Şili Rallisi’nin [&hellip;]
